 o = 79 - 73. Let v(n) = 34*n + 34*n - o - 66*n. What is v(6)?
6
Let g(l) = -l**2 + 9*l - 3. Let o be g(9). Let m(n) be the third derivative of n**4/12 - n**3/3 - 49*n**2. Calculate m(o).
-8
Let q = -13 - -15. Let u(j) = j + 2*j + 9*j**q - 2*j - 5*j**2. Calculate u(1).
5
Let g(c) = 5*c + 5. Let b(a) = -a**3 + 20*a**2 - 6*a + 113. Let k be b(20). Determine g(k).
-30
Let l be (-2)/(-8) - 7/(-4). Let p = -49 - -111. Let b(z) = -p*z**3 - z + 3*z**2 + 63*z**3 - 1 - 4*z**2. Determine b(l).
1
Suppose 3*j + 42 = 5*j. Suppose j = 5*l + 2*w - 10, 0 = -4*l - 2*w + 26. Let u(h) = 2*h + 2*h - 7 + l. What is u(2)?
6
Let v(n) = -3*n + 1. Let z(i) = 3*i. Let g(u) = 3*v(u) + 4*z(u). What is g(-7)?
-18
Let u(k) = k**3 + 6*k**2 + 6*k - 6. Suppose -2*n + 4*x - 132 = -44, -x - 111 = 3*n. Let i be 2/(-8) + n/8. Determine u(i).
-11
Let w be 3/(-4) + 142/8 + -12. Let n(g) = -2*g + 12. Determine n(w).
2
Let l(n) = n**3 - n + 312 - 5*n**2 - 312. Calculate l(5).
-5
Suppose -g - 3 = -4*g. Let t(v) = -6 + 3 - 5*v + 1 - v**2 - g. Let r = -163 - -160. Determine t(r).
3
Suppose -4*j + 8 + 4 = 0. Let x be -3*(j + 52/(-12)). Let m(h) = 0*h - 4*h + h + 4*h - 5. Determine m(x).
-1
Let k(i) = i**2 - 10*i + 19. Let y be k(6). Let d(h) = -14*h + 12. Let a(z) = 9*z - 8. Let x(s) = y*d(s) - 8*a(s). What is x(-5)?
14
Let c(h) = h**2 + 3*h - 3. Suppose -10 = -3*u - 2*u. Give c(u).
7
Let n(x) = 5*x**2 - x + 1. Suppose -16*j = -6 - 10. Calculate n(j).
5
Let u(q) be the second derivative of -q**4/12 - q**3/3 - 3*q**2 + 80*q + 14. Let h = -1 + 1. Suppose 3*d - d + 8 = h. Give u(d).
-14
Let w(f) be the third derivative of -f**8/840 - f**7/1260 + f**6/360 - f**5/120 - f**4/8 - 9*f**2. Let o(l) be the second derivative of w(l). Give o(1).
-9
Let v(i) = -i**3 + 6*i**2 - 12*i + 6. Let c(d) = 3*d**3 - 20*d**2 + 36*d - 17. Let a(t) = 3*c(t) + 8*v(t). Calculate a(11).
8
Let l(s) be the second derivative of 13*s**4/6 + s**3/6 - 96*s. What is l(1)?
27
Let m(k) = 2*k**2 + 23*k - 17. Let v be m(-12). Let f(u) = u**3 + 4*u**2 - 5*u - 3. Calculate f(v).
-3
Let c(y) = -y**3 + 4*y**2 - 2. Suppose -18 = 3*r - 2*l, 4*l = -r + 3 + 5. Let i be (-6)/(-9)*60/r. Let t = i - -14. Determine c(t).
-2
Suppose -60 = 2*h - 2*k, 5*h + 170 = -0*k - 5*k. Let z = h - -36. Suppose -9 = s - 0*s - z*n, -s + 3*n - 6 = 0. Let t(q) = 3*q + 3. Give t(s).
12
Let f(u) = -3*u**3 - 24*u**2 - 28*u - 6. Let w(n) = -2*n**3 - 16*n**2 - 19*n - 4. Let o(x) = -5*f(x) + 8*w(x). Give o(-6).
-2
Let l(n) = n**2 + 5*n + 4. Let j(b) = 19*b**2 - b - 1. Let d be j(-1). Suppose -a + 5 = -2*p, -p - 3*a - d = 2*a. Let g = p + 1. Give l(g).
-2
Let a be 9/6*8/90*5. Let z(j) be the third derivative of -7*j**2 - 1/12*j**5 + 0 - a*j**3 + 0*j - 1/8*j**4 - 1/120*j**6. Calculate z(-5).
11
Suppose -o = 10*o - 44. Let u(p) = 5*p + 6. Let i(n) = 6*n + 7. Let y = 2 + -7. Let f(w) = o*i(w) + y*u(w). Give f(-1).
-1
Let t(n) be the first derivative of -5*n**2 + 3*n - 6. Let j be t(1). Let h(q) = -q**2 - 6*q + 3. Determine h(j).
-4
Let d(z) = -15*z + 2. Let l(n) = 80*n - 7. Let y(v) = -11*d(v) - 2*l(v). Give y(5).
17
Let n(j) be the third derivative of j**6/360 - j**5/120 + 4*j**3/3 + 5*j**2. Let t(o) be the first derivative of n(o). What is t(0)?
0
Let d(y) = -62 - 55 - 49 + 157 + 10*y. Calculate d(4).
31
Suppose -2*u - 4997 = -s - 21032, -u = 3*s - 8000. Let o(l) = u*l + l**3 - 2*l**3 - 8016*l. Determine o(2).
-10
Let s = 72 + -78. Let c = 10 + s. Let b(t) = t**2 - 3*t - 4. What is b(c)?
0
Let u(y) = 12*y + 4 - 5 - 5*y. Let o be 3*-3*(-6)/54. Give u(o).
6
Suppose -4*d + 6 = 78. Let t = -20 - d. Let q(i) = 133*i - 49. Let g(z) = 11*z - 4. Let a(v) = 49*g(v) - 4*q(v). Give a(t).
-14
Let p(q) = -83*q + q**3 + 7*q**2 + 2 + 41*q + 41*q - 2. Give p(-3).
39
Let r(k) = k**3 + 1. Let y(h) = -8*h - 3*h**3 + 0*h**3 + 9*h**2 - 2*h**2. Let m(x) = 2*r(x) + y(x). Let b be (-5 - (-8 + -2)) + 1. Determine m(b).
-10
Let k(b) be the third derivative of 14*b**2 + 0*b + 0 + 1/24*b**4 + 3/2*b**3. Calculate k(-5).
4
Let s(u) be the second derivative of -4/3*u**3 - 4*u**2 + 0 - 1/12*u**4 - 4*u. Give s(-8).
-8
Let l(y) = -y**2 + 7*y - 6. Let c be -24*(9 - (-140)/(-15)). Determine l(c).
-14
Let b be (-4)/(-10) + (-340)/(-25). Suppose -5*y = 2*l + b, 2*y = -2*l - 2*l + 4. Let f(z) be the first derivative of z**2/2 + 2. Determine f(l).
3
Suppose 35*i - 36*i = 0. Let d be i/(-12) + -1 + -5. Let y(q) = 2*q**2 + 14*q + 5. Let n(b) = b**2 + 7*b + 3. Let m(k) = -7*n(k) + 3*y(k). Determine m(d).
0
Suppose 3*n - 2*n + 5*p + 28 = 0, 0 = -4*n - p - 17. Let w(s) = s**2 + 4*s - 4. Determine w(n).
-7
Let u(p) be the first derivative of -p**3/3 - 9*p**2/2 - 8*p + 65. Determine u(-10).
-18
Let x(b) = b**2 + 36*b + 12. Let a be x(-36). Let k(v) = v**3 - 13*v**2 + 14*v + 10. Determine k(a).
34
Suppose 0 = 253*l - 255*l. Let i(o) be the third derivative of l*o + 0 - 1/6*o**3 - 5/24*o**4 + 6*o**2 - 1/60*o**5. Calculate i(-6).
-7
Let y(t) = -3*t + 14. Let q be y(4). Let j(v) = -v + 3. Let r(z) = -2*z + 5. Let a(f) = q*r(f) - 5*j(f). Determine a(-7).
-12
Let x(y) = -y + 3. Suppose -p - 20 = 3*j, -3*j = -j - 5*p + 36. What is x(j)?
11
Let m(y) be the first derivative of -y**5/60 + y**4/6 + 7*y**3/6 + 2*y**2 + 19. Let t(v) be the second derivative of m(v). Give t(5).
2
Let f(u) = 3*u - 6*u**2 + 12 + 7*u**2 - 2*u - 13*u. Let p be f(11). Let j(s) = -17*s. Calculate j(p).
-17
Let s(o) = -o**3 - o - 3*o**2 + 0*o**3 - o**2 - 4. Let g(d) = -7*d - 32. Let k be g(-5). Suppose -7 = j - k. What is s(j)?
0
Let u(s) be the third derivative of -s**6/360 + s**5/24 + s**4/24 - 13*s**3/3 + s**2. Let c(i) be the first derivative of u(i). What is c(7)?
-13
Let o(f) = -5*f**3 - f**2 + 4*f + 1. Let n(g) = 16*g**3 + 3*g**2 - 11*g - 3. Let d(j) = 4*n(j) + 11*o(j). Let z be (-24)/66 + 28/(-44). Calculate d(z).
-9
Let u(a) = -a**3 + 1. Let c be 15/(-25) + 52/20. Give u(c).
-7
Let a(x) = -1 + 5*x + 1. Let c(j) = -2*j - 1. Let r(u) = u. Let d(o) = c(o) + 3*r(o). Let y(i) = -a(i) + 4*d(i). What is y(-3)?
-1
Let r(z) be the first derivative of z**4/4 + 5*z**3/3 + 3*z**2 + 2*z - 42. What is r(-3)?
2
Let k(b) = -b**2 - b. Let v(f) = 5*f**2 + 10*f - 7. Let l be (-63)/(-42)*(-2)/3. Let m(d) = l*v(d) - 4*k(d). Give m(-6).
7
Let c(p) = -3*p**3 + 11*p**2 + p - 4. Let l(g) = g**3 + g**2 - 4. Let r(f) = c(f) + 2*l(f). What is r(13)?
1
Let m(c) = -c**2 + 5*c + 2. Let u be m(8). Let a = u - -15. Let k(t) = t - 1. Let p(o) = -o + 1. Let h(l) = a*p(l) - 6*k(l). What is h(0)?
-1
Let o(z) = -5 + 0 - 4*z - 2 - 6. Calculate o(-4).
3
Let i = -1497 - -1505. Let d(c) be the second derivative of -5/12*c**4 + 1/20*c**5 + 1/2*c**3 - i*c + 0 + 3/2*c**2. Calculate d(4).
-1
Let n(v) = 18*v - 7*v**2 - 6 + v**3 - 29*v + 18*v. Let l(r) = -3*r - 2. Let w(s) = 3*s + 3. Let i(t) = -3*l(t) - 4*w(t). Let j be i(-4). Determine n(j).
0
Let d(p) = 18*p + 1. Let q(i) = -5*i**2 + 0*i + 0*i**2 - i - 11*i**2. Let o be q(-1). Let s = -16 - o. Give d(s).
-17
Let q(f) = 5*f - 4. Let s(w) = -w. Let y(n) = q(n) + 4*s(n). Suppose -38 = -6*c + 2*j, -4*j - 56 = c - 58. Give y(c).
2
Let d(j) be the first derivative of 48 - 1/2*j**2 + 6*j. Give d(4).
2
Let k(i) = -21*i**3 - 6*i**2 - 6*i. Let t(x) = -x**3 - x**2 - x. Let q(n) = k(n) - 6*t(n). Let g(b) = b**3 + 4*b**2 + 20*b + 16. Let m be g(-1). Calculate q(m).
15
Let h(q) = -q**3 - 4*q**2 - 3*q - 11. Suppose -78 + 194 = -29*j. Give h(j).
1
Let b(h) be the third derivative of -h**5/60 - h**4/24 - 2*h**3/3 - 113*h**2 + 2*h. Suppose 0*m - 5*m + 3*y = 0, 0 = 5*m - y + 10. Give b(m).
-10
Suppose -2*p - 46 = -0*f - 2*f, 3*p = 5*f - 121. Let q = -18 + f. Let g(c) = c**2 - 8*c + 4. What is g(q)?
4
Let g = -8 - -13. Suppose 0 = -a, -g*r + 21 = -2*r + 4*a. Let y(j) = -2*j**3 + 6 - 5*j**2 + j**3 + 12*j**2. Calculate y(r).
6
Let q(x) = 23 - 102*x - 99*x + 300*x - 103*x. What is q(7)?
-5
Let z(d) = -1 - 22*d**2 + 31*d**2 - 15 - 3*d - d**3 - 17*d**2. Calculate z(-8).
8
Let g be (-11)/4 - ((-75)/(-20))/(-5). Let j(y) = -y**3 - 2*y**2 - 3*y - 2. Calculate j(g).
4
Let m(v) = -v - 10. Suppose 2 = 5*t - 2*n - 40, 4 = -4*n. Calculate m(t).
-18
Let h(c) = -c + 3 + 2*c - 2 + 0*c. Calculate h(1).
2
Let c(w) = -w - 7. Let i = -11 + 46. Suppose -31*b = -i*b - 12. Give c(b).
-4
Let d(p) = -30*p**2 + p**3 + 13*p**2 + 19*p**2 + 4*p + 3. Suppose -2*u = 2 + 2. Give